{"id":83,"date":"2024-08-18T11:47:58","date_gmt":"2024-08-18T11:47:58","guid":{"rendered":"https:\/\/stulu.ch\/?page_id=83"},"modified":"2024-08-18T11:49:30","modified_gmt":"2024-08-18T11:49:30","slug":"datenschutz","status":"publish","type":"page","link":"https:\/\/stulu.ch\/index.php\/datenschutz\/","title":{"rendered":"Datenschutz"},"content":{"rendered":"\n<p><strong>1. Allgemeiner Hinweis<\/strong><br>Gest\u00fctzt auf Artikel 13 der schweizerischen Bundesverfassung und die datenschutzrechtlichen Bestimmungen des Bundes (revidiertes Datenschutzgesetz, rDSG) hat jede Person Anspruch auf Schutz ihrer Privatsph\u00e4re sowie auf Schutz vor Missbrauch ihrer pers\u00f6nlichen Daten.<br>Der Verein Studentinnenstadt Luzern (STULU) sch\u00fctzt Ihre pers\u00f6nlichen Daten. Er behandelt sie vertraulich und entsprechend den gesetzlichen Datenschutzvorschriften sowie der vorliegenden Datenschutzerkl\u00e4rung. Der STULU steht daf\u00fcr ein, dass Ihre pers\u00f6nlichen Daten nicht an Dritte verkauft noch weitergegeben werden.<br>In Zusammenarbeit mit unserem Hosting-Provider der Webseite www.stulu.ch bem\u00fchen wir uns, die Datenbanken so gut wie m\u00f6glich vor fremden Zugriffen, Verlusten, Missbrauch oder vor F\u00e4lschung zu sch\u00fctzen.<br>Wir weisen darauf hin, dass die Daten\u00fcbertragung im Internet grunds\u00e4tzlich Sicherheitsl\u00fccken aufweisen kann. Ein l\u00fcckenloser Schutz der Daten vor dem Zugriff durch Dritte ist daher nicht m\u00f6glich. Allerdings setzen wir alles daran, unsere Webseite stets auf aktuellem Sicherheitsstand zu halten und nur das n\u00f6tige Minimum an Daten zu sammeln. Wir bitten unsere Kunden, ihrerseits die n\u00f6tige Vorsicht walten zu lassen.<br>Durch die Nutzung der Webseite www.stulu.ch erkl\u00e4ren Sie sich mit der Erhebung, Verarbeitung und Nutzung von Daten gem\u00e4ss der nachfolgenden Beschreibung einverstanden.<\/p>\n\n\n\n<p><strong>2. Webseiten<\/strong><br>Die Webseite www.stulu.ch nutzt f\u00fcr die Sicherheit bei der \u00dcbertragung vertraulicher Inhalte eine SSL-Verschl\u00fcsselung (erkennbar an der URL: https:\/\u2026). Wenn die SSL-Verschl\u00fcsselung aktiv ist, k\u00f6nnen Ihre Daten nicht von Dritten eingesehen werden.<br>Beim Zugriff auf unsere Webseiten werden folgende Daten in Logfiles gespeichert:<br>IP-Adresse, Datum, Uhrzeit, Browser-Anfrage und allgemeine \u00fcbertragene Informationen zum Betriebssystem resp. Browser. Die Webseite kann grunds\u00e4tzlich ohne Registrierung besucht werden.<br>Diese Daten dienen lediglich statistischen Auswertungen und zur Verbesserung der Webseite. Der Datenschutz gilt nur f\u00fcr Personendaten, nicht aber f\u00fcr Daten von Firmen und Organisationen.<\/p>\n\n\n\n<p><strong>3. Anmeldungen<\/strong><br>Anmeldungen zu Veranstaltungen \u00fcber www.stulu.ch werden vom STULU verwaltet. Die erhobenen Teilnehmerdaten gem\u00e4ss Webformular werden an das Administrationssystem der STULU geleitet und nicht beim Hosting-Provider der Webseite gespeichert. Das Administrationssystem speichert zu jedem Teilnehmenden die Informationen gem\u00e4ss Webformular. Diese Daten werden f\u00fcr den Versand von Informationen zum gebuchten Kurs, f\u00fcr die Rechnungsstellung und den Newsletter verwendet.<\/p>\n\n\n\n<p><strong>4. Kontaktformular und Newsletter<\/strong><br>Wenn Sie sich f\u00fcr den Newsletter oder als Mitglied anmelden, sammeln wir die Daten, die im Formular angezeigt werden, ausserdem die IP-Adresse des Besuchers und den User-Agent-String (damit wird der Browser identifiziert), um den Spam-Filter zu unterst\u00fctzen. Ebenfalls werden Datum und Zeit der Registrierung gespeichert.<\/p>\n\n\n\n<p><strong>5. Recht auf Auskunft, L\u00f6schung, Sperrung<\/strong><br>Sie haben das Recht auf Auskunft \u00fcber die \u00fcber Sie gespeicherten personenbezogenen Daten, deren Herkunft und Empf\u00e4nger und den Zweck der Datenverarbeitung sowie ein Recht auf Berichtigung oder L\u00f6schung dieser Daten. Zu Fragen \u00fcber personenbezogene Daten wenden Sie sich an die im Impressum angegebene Adresse.<\/p>\n\n\n\n<p><strong>6. Urheberrechte<\/strong><br>Die Urheber- und alle anderen Rechte an Inhalten, Bildern, Fotos oder anderen Dateien auf der Website www.stulu.ch geh\u00f6ren ausschliesslich dem Betreiber dieser Website oder den speziell genannten Rechteinhabern. F\u00fcr die Reproduktion von s\u00e4mtlichen Dateien aus dieser Website ist die Angabe der Quelle (www.stulu.ch oder im Filenamen enthaltene Quelle) erforderlich. Ohne Quellenangabe ist die Publikation unstatthaft.<\/p>\n\n\n\n<p><strong>7. Allgemeiner Haftungsausschluss<\/strong><br>Alle Angaben unseres Internetangebotes wurden sorgf\u00e4ltig gepr\u00fcft. Wir bem\u00fchen uns, unser Informationsangebot aktuell, inhaltlich richtig und vollst\u00e4ndig anzubieten. Trotzdem kann das Auftreten von Fehlern nicht v\u00f6llig ausgeschlossen werden, womit wir keine Garantie f\u00fcr Vollst\u00e4ndigkeit, Richtigkeit und Aktualit\u00e4t von Informationen auch journalistisch-redaktioneller Art \u00fcbernehmen k\u00f6nnen. Der Herausgeber kann nach eigenem Ermessen und ohne Ank\u00fcndigung Texte ver\u00e4ndern oder l\u00f6schen und ist nicht verpflichtet, Inhalte dieser Website zu aktualisieren. Haftungsanspr\u00fcche aus Sch\u00e4den materieller oder ideeller Art, die durch die Nutzung der angebotenen Informationen verursacht wurden, sind ausgeschlossen, sofern kein nachweislich vors\u00e4tzliches oder grob fahrl\u00e4ssiges Verschulden unsererseits vorliegt.<br>Der Herausgeber \u00fcbernimmt ebenfalls keine Verantwortung und Haftung f\u00fcr die Inhalte und die Verf\u00fcgbarkeit von Webseiten Dritter, die \u00fcber externe Links dieser Webseite erreichbar sind. F\u00fcr den Inhalt der verlinkten Seiten sind ausschliesslich deren Betreiber verantwortlich. Der Herausgeber distanziert sich damit ausdr\u00fccklich von allen Inhalten Dritter, die m\u00f6glicherweise straf- oder haftungsrechtlich relevant sind oder gegen die guten Sitten verstossen.<\/p>\n\n\n\n<p><strong>8. \u00c4nderung der Datenschutzerkl\u00e4rung<\/strong><br>Der Verein Studentinnenstadt Luzern kann die Datenschutzerkl\u00e4rung jederzeit ohne Vorank\u00fcndigung anpassen. Es gilt jeweils die aktuelle, auf www.stulu.ch publizierte Fassung.<br>Studentinnenstadt Luzern<br>6000 Luzern<br><br><strong>9. Fragen zum Datenschutz<\/strong><br>Bei Fragen zum Datenschutz: <a href=\"https:\/\/stulu.ch\/index.php\/kontakt\/\" target=\"_blank\" rel=\"noreferrer noopener\">Kontaktformular<\/a><\/p>\n\n\n\n<p><br>Luzern, 18. August 2024<\/p>\n","protected":false},"excerpt":{"rendered":"<p>1. Allgemeiner HinweisGest\u00fctzt auf Artikel 13 der schweizerischen Bundesverfassung und die datenschutzrechtlichen Bestimmungen des Bundes (revidiertes Datenschutzgesetz, rDSG) hat jede Person Anspruch auf Schutz ihrer Privatsph\u00e4re sowie auf Schutz vor Missbrauch ihrer pers\u00f6nlichen Daten.Der Verein Studentinnenstadt Luzern (STULU) sch\u00fctzt Ihre pers\u00f6nlichen Daten. Er behandelt sie vertraulich und entsprechend den gesetzlichen Datenschutzvorschriften sowie der vorliegenden Datenschutzerkl\u00e4rung.&hellip;<\/p>\n","protected":false},"author":1,"featured_media":0,"parent":0,"menu_order":0,"comment_status":"closed","ping_status":"closed","template":"","meta":{"_price":"","_stock":"","_tribe_ticket_header":"","_tribe_default_ticket_provider":"","_tribe_ticket_capacity":"0","_ticket_start_date":"","_ticket_end_date":"","_tribe_ticket_show_description":"","_tribe_ticket_show_not_going":false,"_tribe_ticket_use_global_stock":"","_tribe_ticket_global_stock_level":"","_global_stock_mode":"","_global_stock_cap":"","_tribe_rsvp_for_event":"","_tribe_ticket_going_count":"","_tribe_ticket_not_going_count":"","_tribe_tickets_list":"[]","_tribe_ticket_has_attendee_info_fields":false,"footnotes":"","_tec_slr_enabled":"","_tec_slr_layout":""},"class_list":["post-83","page","type-page","status-publish","hentry"],"yoast_head":"<!-- This site is optimized with the Yoast SEO plugin v24.7 - https:\/\/yoast.com\/wordpress\/plugins\/seo\/ -->\n<title>Datenschutz - STULU<\/title>\n<meta name=\"robots\" content=\"index, follow, max-snippet:-1, max-image-preview:large, max-video-preview:-1\" \/>\n<link rel=\"canonical\" href=\"https:\/\/stulu.ch\/index.php\/datenschutz\/\" \/>\n<meta property=\"og:locale\" content=\"de_DE\" \/>\n<meta property=\"og:type\" content=\"article\" \/>\n<meta property=\"og:title\" content=\"Datenschutz - STULU\" \/>\n<meta property=\"og:description\" content=\"1. Allgemeiner HinweisGest\u00fctzt auf Artikel 13 der schweizerischen Bundesverfassung und die datenschutzrechtlichen Bestimmungen des Bundes (revidiertes Datenschutzgesetz, rDSG) hat jede Person Anspruch auf Schutz ihrer Privatsph\u00e4re sowie auf Schutz vor Missbrauch ihrer pers\u00f6nlichen Daten.Der Verein Studentinnenstadt Luzern (STULU) sch\u00fctzt Ihre pers\u00f6nlichen Daten. Er behandelt sie vertraulich und entsprechend den gesetzlichen Datenschutzvorschriften sowie der vorliegenden Datenschutzerkl\u00e4rung.&hellip;\" \/>\n<meta property=\"og:url\" content=\"https:\/\/stulu.ch\/index.php\/datenschutz\/\" \/>\n<meta property=\"og:site_name\" content=\"STULU\" \/>\n<meta property=\"article:modified_time\" content=\"2024-08-18T11:49:30+00:00\" \/>\n<meta name=\"twitter:card\" content=\"summary_large_image\" \/>\n<meta name=\"twitter:label1\" content=\"Gesch\u00e4tzte Lesezeit\" \/>\n\t<meta name=\"twitter:data1\" content=\"4\u00a0Minuten\" \/>\n<script type=\"application\/ld+json\" class=\"yoast-schema-graph\">{\"@context\":\"https:\/\/schema.org\",\"@graph\":[{\"@type\":\"WebPage\",\"@id\":\"https:\/\/stulu.ch\/index.php\/datenschutz\/\",\"url\":\"https:\/\/stulu.ch\/index.php\/datenschutz\/\",\"name\":\"Datenschutz - STULU\",\"isPartOf\":{\"@id\":\"https:\/\/stulu.ch\/#website\"},\"datePublished\":\"2024-08-18T11:47:58+00:00\",\"dateModified\":\"2024-08-18T11:49:30+00:00\",\"breadcrumb\":{\"@id\":\"https:\/\/stulu.ch\/index.php\/datenschutz\/#breadcrumb\"},\"inLanguage\":\"de\",\"potentialAction\":[{\"@type\":\"ReadAction\",\"target\":[\"https:\/\/stulu.ch\/index.php\/datenschutz\/\"]}]},{\"@type\":\"BreadcrumbList\",\"@id\":\"https:\/\/stulu.ch\/index.php\/datenschutz\/#breadcrumb\",\"itemListElement\":[{\"@type\":\"ListItem\",\"position\":1,\"name\":\"Startseite\",\"item\":\"https:\/\/stulu.ch\/\"},{\"@type\":\"ListItem\",\"position\":2,\"name\":\"Datenschutz\"}]},{\"@type\":\"WebSite\",\"@id\":\"https:\/\/stulu.ch\/#website\",\"url\":\"https:\/\/stulu.ch\/\",\"name\":\"STULU\",\"description\":\"\",\"publisher\":{\"@id\":\"https:\/\/stulu.ch\/#organization\"},\"potentialAction\":[{\"@type\":\"SearchAction\",\"target\":{\"@type\":\"EntryPoint\",\"urlTemplate\":\"https:\/\/stulu.ch\/?s={search_term_string}\"},\"query-input\":{\"@type\":\"PropertyValueSpecification\",\"valueRequired\":true,\"valueName\":\"search_term_string\"}}],\"inLanguage\":\"de\"},{\"@type\":\"Organization\",\"@id\":\"https:\/\/stulu.ch\/#organization\",\"name\":\"Studentinnenstadt Luzern\",\"alternateName\":\"STULU\",\"url\":\"https:\/\/stulu.ch\/\",\"logo\":{\"@type\":\"ImageObject\",\"inLanguage\":\"de\",\"@id\":\"https:\/\/stulu.ch\/#\/schema\/logo\/image\/\",\"url\":\"https:\/\/stulu.ch\/wp-content\/uploads\/2024\/07\/cropped-Logo-STULU-transparent.png\",\"contentUrl\":\"https:\/\/stulu.ch\/wp-content\/uploads\/2024\/07\/cropped-Logo-STULU-transparent.png\",\"width\":2215,\"height\":1514,\"caption\":\"Studentinnenstadt Luzern\"},\"image\":{\"@id\":\"https:\/\/stulu.ch\/#\/schema\/logo\/image\/\"}}]}<\/script>\n<!-- \/ Yoast SEO plugin. -->","yoast_head_json":{"title":"Datenschutz - STULU","robots":{"index":"index","follow":"follow","max-snippet":"max-snippet:-1","max-image-preview":"max-image-preview:large","max-video-preview":"max-video-preview:-1"},"canonical":"https:\/\/stulu.ch\/index.php\/datenschutz\/","og_locale":"de_DE","og_type":"article","og_title":"Datenschutz - STULU","og_description":"1. Allgemeiner HinweisGest\u00fctzt auf Artikel 13 der schweizerischen Bundesverfassung und die datenschutzrechtlichen Bestimmungen des Bundes (revidiertes Datenschutzgesetz, rDSG) hat jede Person Anspruch auf Schutz ihrer Privatsph\u00e4re sowie auf Schutz vor Missbrauch ihrer pers\u00f6nlichen Daten.Der Verein Studentinnenstadt Luzern (STULU) sch\u00fctzt Ihre pers\u00f6nlichen Daten. Er behandelt sie vertraulich und entsprechend den gesetzlichen Datenschutzvorschriften sowie der vorliegenden Datenschutzerkl\u00e4rung.&hellip;","og_url":"https:\/\/stulu.ch\/index.php\/datenschutz\/","og_site_name":"STULU","article_modified_time":"2024-08-18T11:49:30+00:00","twitter_card":"summary_large_image","twitter_misc":{"Gesch\u00e4tzte Lesezeit":"4\u00a0Minuten"},"schema":{"@context":"https:\/\/schema.org","@graph":[{"@type":"WebPage","@id":"https:\/\/stulu.ch\/index.php\/datenschutz\/","url":"https:\/\/stulu.ch\/index.php\/datenschutz\/","name":"Datenschutz - STULU","isPartOf":{"@id":"https:\/\/stulu.ch\/#website"},"datePublished":"2024-08-18T11:47:58+00:00","dateModified":"2024-08-18T11:49:30+00:00","breadcrumb":{"@id":"https:\/\/stulu.ch\/index.php\/datenschutz\/#breadcrumb"},"inLanguage":"de","potentialAction":[{"@type":"ReadAction","target":["https:\/\/stulu.ch\/index.php\/datenschutz\/"]}]},{"@type":"BreadcrumbList","@id":"https:\/\/stulu.ch\/index.php\/datenschutz\/#breadcrumb","itemListElement":[{"@type":"ListItem","position":1,"name":"Startseite","item":"https:\/\/stulu.ch\/"},{"@type":"ListItem","position":2,"name":"Datenschutz"}]},{"@type":"WebSite","@id":"https:\/\/stulu.ch\/#website","url":"https:\/\/stulu.ch\/","name":"STULU","description":"","publisher":{"@id":"https:\/\/stulu.ch\/#organization"},"potentialAction":[{"@type":"SearchAction","target":{"@type":"EntryPoint","urlTemplate":"https:\/\/stulu.ch\/?s={search_term_string}"},"query-input":{"@type":"PropertyValueSpecification","valueRequired":true,"valueName":"search_term_string"}}],"inLanguage":"de"},{"@type":"Organization","@id":"https:\/\/stulu.ch\/#organization","name":"Studentinnenstadt Luzern","alternateName":"STULU","url":"https:\/\/stulu.ch\/","logo":{"@type":"ImageObject","inLanguage":"de","@id":"https:\/\/stulu.ch\/#\/schema\/logo\/image\/","url":"https:\/\/stulu.ch\/wp-content\/uploads\/2024\/07\/cropped-Logo-STULU-transparent.png","contentUrl":"https:\/\/stulu.ch\/wp-content\/uploads\/2024\/07\/cropped-Logo-STULU-transparent.png","width":2215,"height":1514,"caption":"Studentinnenstadt Luzern"},"image":{"@id":"https:\/\/stulu.ch\/#\/schema\/logo\/image\/"}}]}},"ticketed":false,"_links":{"self":[{"href":"https:\/\/stulu.ch\/index.php\/wp-json\/wp\/v2\/pages\/83","targetHints":{"allow":["GET"]}}],"collection":[{"href":"https:\/\/stulu.ch\/index.php\/wp-json\/wp\/v2\/pages"}],"about":[{"href":"https:\/\/stulu.ch\/index.php\/wp-json\/wp\/v2\/types\/page"}],"author":[{"embeddable":true,"href":"https:\/\/stulu.ch\/index.php\/wp-json\/wp\/v2\/users\/1"}],"replies":[{"embeddable":true,"href":"https:\/\/stulu.ch\/index.php\/wp-json\/wp\/v2\/comments?post=83"}],"version-history":[{"count":2,"href":"https:\/\/stulu.ch\/index.php\/wp-json\/wp\/v2\/pages\/83\/revisions"}],"predecessor-version":[{"id":85,"href":"https:\/\/stulu.ch\/index.php\/wp-json\/wp\/v2\/pages\/83\/revisions\/85"}],"wp:attachment":[{"href":"https:\/\/stulu.ch\/index.php\/wp-json\/wp\/v2\/media?parent=83"}],"curies":[{"name":"wp","href":"https:\/\/api.w.org\/{rel}","templated":true}]}}