{"id":342,"date":"2024-09-24T10:51:21","date_gmt":"2024-09-24T10:51:21","guid":{"rendered":"https:\/\/stulu.ch\/?page_id=342"},"modified":"2025-03-19T10:05:40","modified_gmt":"2025-03-19T10:05:40","slug":"studentinnen-museum","status":"publish","type":"page","link":"https:\/\/stulu.ch\/index.php\/studentinnen-museum\/","title":{"rendered":"Couleurstudentisches Museum, Schweiz"},"content":{"rendered":"\n<p>Der Verein&nbsp;<strong>Student<mark style=\"background-color:rgba(0, 0, 0, 0);color:#9da1a2\" class=\"has-inline-color\">inn<\/mark>enstadt Luzern<\/strong> bezweckt, die Stadt Luzern f\u00fcr alle Studierenden in allen Belangen attraktiver zu gestalten. Dazu geh\u00f6ren auch verschiedene Projekte wie das hier beschriebene Studentinnen-Museum.<\/p>\n\n\n\n<h3 class=\"wp-block-heading\">Ausgangslage<\/h3>\n\n\n\n<p>Die Schweizerische Vereinigung f\u00fcr Studentengeschichte <a href=\"https:\/\/svst.ch\/\" target=\"_blank\" rel=\"noreferrer noopener\">SVS<\/a><a href=\"https:\/\/svst.ch\/\">t<\/a> hat das Ziel, studentisches Kulturgut zu sammeln und zu bewahren. Daf\u00fcr unterh\u00e4lt sie ein Archiv, eine Bibliothek sowie eine Sammlung musealer Gegenst\u00e4nde. Weiter publiziert sie studentenhistorische Neuigkeiten und Forschungen in den Vereinsorganen und f\u00f6rdert den pers\u00f6nlichen Erfahrungsaustausch zwischen den Mitgliedern durch Veranstaltungen.<\/p>\n\n\n\n<p>Aktuell beherbergt das Zeughaus Musegg das sogenannte &#8222;Schau-Depot&#8220; des SVSt. Es ist eine einmalige Dokumentation zur Studenten-Geschichte in der Schweiz.<\/p>\n\n\n\n<p>Studenten-Verb\u00e4nde und Studenten-Verbindungen geh\u00f6ren zu den \u00e4ltesten Vereinen in der Schweiz. Die Sammlung des SVSt mit historischen Schriften und ungez\u00e4hlten &#8222;Studentika&#8220;, dokumentieren dieses uralte Brauchtum.<\/p>\n\n\n\n<h3 class=\"wp-block-heading\">Projektziel<\/h3>\n\n\n\n<p>Im Zeughaus Musegg Luzern soll ein neues, modernes <strong><strong>Couleurstudentisches Museum, Schweiz<\/strong><\/strong> entstehen. Dieses Museum soll f\u00fcr die \u00d6ffentlichkeit zur Verf\u00fcgung stehen.<\/p>\n\n\n\n<p>Gemeinsam mit den Hochschulen und weiteren interessierten Kreisen sollen verschiedene Themen historisch aufgearbeitet und dargestellt werden.<br>&#8211;  Die Geschichte des Student<mark style=\"background-color:rgba(0, 0, 0, 0);color:#9da1a2\" class=\"has-inline-color\">inn<\/mark>entums<br>&#8211;  Pers\u00f6nlichkeiten, Netzwerke und die Einfl\u00fcsse auf &#8230;<br>&#8211;  Die Auswirkungen des Couleurwesens auf Gesellschaft und Politik.<br>&#8211;  Farbenfrohe Student<mark style=\"background-color:rgba(0, 0, 0, 0);color:#9da1a2\" class=\"has-inline-color\">inn<\/mark>enwelt<br>&#8211;  Publikationen<\/p>\n\n\n\n<h3 class=\"wp-block-heading\">Projektplan &#8211; Phase 1<\/h3>\n\n\n\n<p>Die Schweizerische Vereinigung f\u00fcr Studentengeschichte (SVSt) l\u00e4dt Studierende der PH Luzern herzlich ein, sich auf eine spannende Entdeckungsreise in die Welt der studentischen Symbolik zu begeben. Im Rahmen dieses Projekts haben Sie die einzigartige M\u00f6glichkeit, Originalquellen im Archiv der SVSt in Luzern zu erforschen und einen Einblick in die studentische Kultur des 19. und fr\u00fchen 20. Jahrhunderts zu gewinnen.<\/p>\n\n\n\n<p><\/p>\n\n\n\n<p>Folgende Projekte stehen zur Bearbeitung zur Verf\u00fcgung:<\/p>\n\n\n\n<h2 class=\"wp-block-heading has-large-font-size\">Gruppenfotos von Studentenverbindungen \u2013 Eine Reise in die Vergangenheit studentischer Symbolik<\/h2>\n\n\n\n<figure class=\"wp-block-image size-large\"><img loading=\"lazy\" decoding=\"async\" width=\"1024\" height=\"576\" src=\"https:\/\/stulu.ch\/wp-content\/uploads\/2025\/03\/Foto-Projektbeschrieb-SVSt-Studentenfotos-1024x576.jpeg\" alt=\"\" class=\"wp-image-569\" srcset=\"https:\/\/stulu.ch\/wp-content\/uploads\/2025\/03\/Foto-Projektbeschrieb-SVSt-Studentenfotos-1024x576.jpeg 1024w, https:\/\/stulu.ch\/wp-content\/uploads\/2025\/03\/Foto-Projektbeschrieb-SVSt-Studentenfotos-300x169.jpeg 300w, https:\/\/stulu.ch\/wp-content\/uploads\/2025\/03\/Foto-Projektbeschrieb-SVSt-Studentenfotos-768x432.jpeg 768w, https:\/\/stulu.ch\/wp-content\/uploads\/2025\/03\/Foto-Projektbeschrieb-SVSt-Studentenfotos-1536x864.jpeg 1536w, https:\/\/stulu.ch\/wp-content\/uploads\/2025\/03\/Foto-Projektbeschrieb-SVSt-Studentenfotos-1080x608.jpeg 1080w, https:\/\/stulu.ch\/wp-content\/uploads\/2025\/03\/Foto-Projektbeschrieb-SVSt-Studentenfotos.jpeg 1600w\" sizes=\"auto, (max-width: 1024px) 100vw, 1024px\" \/><\/figure>\n\n\n\n<p><a href=\"https:\/\/stulu.ch\/wp-content\/uploads\/2025\/03\/20250201-Projektbeschrieb-SVSt-Studentenfotos.pdf\" target=\"_blank\" rel=\"noreferrer noopener\">Projektbeschrieb<\/a><\/p>\n\n\n\n<h2 class=\"wp-block-heading has-large-font-size\">Couleurkarten der Studentenverbindungen \u2013 Visuelle Visitenkarten studentischer Identit\u00e4t<\/h2>\n\n\n\n<figure class=\"wp-block-image size-full\"><img loading=\"lazy\" decoding=\"async\" width=\"423\" height=\"600\" src=\"https:\/\/stulu.ch\/wp-content\/uploads\/2025\/03\/Foto-Projektbeschrieb-SVSt-Couleurkarten.jpeg\" alt=\"\" class=\"wp-image-572\" srcset=\"https:\/\/stulu.ch\/wp-content\/uploads\/2025\/03\/Foto-Projektbeschrieb-SVSt-Couleurkarten.jpeg 423w, https:\/\/stulu.ch\/wp-content\/uploads\/2025\/03\/Foto-Projektbeschrieb-SVSt-Couleurkarten-212x300.jpeg 212w\" sizes=\"auto, (max-width: 423px) 100vw, 423px\" \/><\/figure>\n\n\n\n<p><a href=\"https:\/\/stulu.ch\/wp-content\/uploads\/2025\/03\/20250201-Projektbeschrieb-SVSt-Couleurkarten.pdf\" target=\"_blank\" rel=\"noreferrer noopener\">Projektbeschrieb<\/a><\/p>\n\n\n\n<h2 class=\"wp-block-heading has-large-font-size\">Abstinente Studentenverbindungen \u2013 Eine Gegenkultur im Wandel der Zeit<\/h2>\n\n\n\n<figure class=\"wp-block-image size-full\"><img loading=\"lazy\" decoding=\"async\" width=\"512\" height=\"512\" src=\"https:\/\/stulu.ch\/wp-content\/uploads\/2025\/03\/Foto-Projektbeschrieb-SVSt-abstinente_Verbindungen.jpeg\" alt=\"\" class=\"wp-image-575\" srcset=\"https:\/\/stulu.ch\/wp-content\/uploads\/2025\/03\/Foto-Projektbeschrieb-SVSt-abstinente_Verbindungen.jpeg 512w, https:\/\/stulu.ch\/wp-content\/uploads\/2025\/03\/Foto-Projektbeschrieb-SVSt-abstinente_Verbindungen-300x300.jpeg 300w, https:\/\/stulu.ch\/wp-content\/uploads\/2025\/03\/Foto-Projektbeschrieb-SVSt-abstinente_Verbindungen-150x150.jpeg 150w\" sizes=\"auto, (max-width: 512px) 100vw, 512px\" \/><\/figure>\n\n\n\n<p><a href=\"https:\/\/stulu.ch\/wp-content\/uploads\/2025\/03\/20250201-Projektbeschrieb-SVSt-abstinente_Verbindungen.pdf\" target=\"_blank\" rel=\"noreferrer noopener\">Projektbeschrieb<\/a><\/p>\n\n\n\n<div style=\"height:193px\" aria-hidden=\"true\" class=\"wp-block-spacer\"><\/div>\n\n\n\n<h2 class=\"wp-block-heading\">Projektplan &#8211; Phase 2<\/h2>\n\n\n\n<p>In der Phase 2 soll mit allen Partnern ein Konzept erarbeitet werden, welches die Umsetzung des Museums und die finanzielle Absicherung erm\u00f6glicht.<\/p>\n\n\n\n<div style=\"height:92px\" aria-hidden=\"true\" class=\"wp-block-spacer\"><\/div>\n\n\n\n<h3 class=\"wp-block-heading\">Interesse bei diesem Projekt mitzumachen?<\/h3>\n\n\n\n<div class=\"wp-block-buttons is-layout-flex wp-block-buttons-is-layout-flex\">\n<div class=\"wp-block-button\"><a class=\"wp-block-button__link wp-element-button\" href=\"https:\/\/stulu.ch\/index.php\/kontakt\/\">Dann melde dich hier<\/a><\/div>\n<\/div>\n\n\n\n<p><\/p>\n","protected":false},"excerpt":{"rendered":"<p>Der Verein&nbsp;Studentinnenstadt Luzern bezweckt, die Stadt Luzern f\u00fcr alle Studierenden in allen Belangen attraktiver zu gestalten. Dazu geh\u00f6ren auch verschiedene Projekte wie das hier beschriebene Studentinnen-Museum. Ausgangslage Die Schweizerische Vereinigung f\u00fcr Studentengeschichte SVSt hat das Ziel, studentisches Kulturgut zu sammeln und zu bewahren. Daf\u00fcr unterh\u00e4lt sie ein Archiv, eine Bibliothek sowie eine Sammlung musealer Gegenst\u00e4nde.&hellip;<\/p>\n","protected":false},"author":1,"featured_media":407,"parent":0,"menu_order":0,"comment_status":"closed","ping_status":"closed","template":"","meta":{"_price":"","_stock":"","_tribe_ticket_header":"","_tribe_default_ticket_provider":"","_tribe_ticket_capacity":"0","_ticket_start_date":"","_ticket_end_date":"","_tribe_ticket_show_description":"","_tribe_ticket_show_not_going":false,"_tribe_ticket_use_global_stock":"","_tribe_ticket_global_stock_level":"","_global_stock_mode":"","_global_stock_cap":"","_tribe_rsvp_for_event":"","_tribe_ticket_going_count":"","_tribe_ticket_not_going_count":"","_tribe_tickets_list":"[]","_tribe_ticket_has_attendee_info_fields":false,"footnotes":"","_tec_slr_enabled":"","_tec_slr_layout":""},"class_list":["post-342","page","type-page","status-publish","has-post-thumbnail","hentry"],"yoast_head":"<!-- This site is optimized with the Yoast SEO plugin v24.7 - https:\/\/yoast.com\/wordpress\/plugins\/seo\/ -->\n<title>Couleurstudentisches Museum, Schweiz - STULU<\/title>\n<meta name=\"description\" content=\"Das Studentinnen-Museum, ein Projekt des Vereins Studentinnenstadt Luzern, bietet Einblicke in die Geschichte, Kultur und das Leben von Studentinnen in der Schweiz. Erfahren Sie mehr \u00fcber die Entwicklung und Bedeutung studentischer Gemeinschaften\" \/>\n<meta name=\"robots\" content=\"index, follow, max-snippet:-1, max-image-preview:large, max-video-preview:-1\" \/>\n<link rel=\"canonical\" href=\"https:\/\/stulu.ch\/index.php\/studentinnen-museum\/\" \/>\n<meta property=\"og:locale\" content=\"de_DE\" \/>\n<meta property=\"og:type\" content=\"article\" \/>\n<meta property=\"og:title\" content=\"Couleurstudentisches Museum, Schweiz - STULU\" \/>\n<meta property=\"og:description\" content=\"Das Studentinnen-Museum, ein Projekt des Vereins Studentinnenstadt Luzern, bietet Einblicke in die Geschichte, Kultur und das Leben von Studentinnen in der Schweiz. Erfahren Sie mehr \u00fcber die Entwicklung und Bedeutung studentischer Gemeinschaften\" \/>\n<meta property=\"og:url\" content=\"https:\/\/stulu.ch\/index.php\/studentinnen-museum\/\" \/>\n<meta property=\"og:site_name\" content=\"STULU\" \/>\n<meta property=\"article:modified_time\" content=\"2025-03-19T10:05:40+00:00\" \/>\n<meta property=\"og:image\" content=\"https:\/\/stulu.ch\/wp-content\/uploads\/2024\/10\/Studentenmuseum-Uebersicht-676x226-ohne-Text.jpg\" \/>\n\t<meta property=\"og:image:width\" content=\"676\" \/>\n\t<meta property=\"og:image:height\" content=\"226\" \/>\n\t<meta property=\"og:image:type\" content=\"image\/jpeg\" \/>\n<meta name=\"twitter:card\" content=\"summary_large_image\" \/>\n<meta name=\"twitter:label1\" content=\"Gesch\u00e4tzte Lesezeit\" \/>\n\t<meta name=\"twitter:data1\" content=\"3\u00a0Minuten\" \/>\n<script type=\"application\/ld+json\" class=\"yoast-schema-graph\">{\"@context\":\"https:\/\/schema.org\",\"@graph\":[{\"@type\":\"WebPage\",\"@id\":\"https:\/\/stulu.ch\/index.php\/studentinnen-museum\/\",\"url\":\"https:\/\/stulu.ch\/index.php\/studentinnen-museum\/\",\"name\":\"Couleurstudentisches Museum, Schweiz - STULU\",\"isPartOf\":{\"@id\":\"https:\/\/stulu.ch\/#website\"},\"primaryImageOfPage\":{\"@id\":\"https:\/\/stulu.ch\/index.php\/studentinnen-museum\/#primaryimage\"},\"image\":{\"@id\":\"https:\/\/stulu.ch\/index.php\/studentinnen-museum\/#primaryimage\"},\"thumbnailUrl\":\"https:\/\/stulu.ch\/wp-content\/uploads\/2024\/10\/Studentenmuseum-Uebersicht-676x226-ohne-Text.jpg\",\"datePublished\":\"2024-09-24T10:51:21+00:00\",\"dateModified\":\"2025-03-19T10:05:40+00:00\",\"description\":\"Das Studentinnen-Museum, ein Projekt des Vereins Studentinnenstadt Luzern, bietet Einblicke in die Geschichte, Kultur und das Leben von Studentinnen in der Schweiz. Erfahren Sie mehr \u00fcber die Entwicklung und Bedeutung studentischer Gemeinschaften\",\"breadcrumb\":{\"@id\":\"https:\/\/stulu.ch\/index.php\/studentinnen-museum\/#breadcrumb\"},\"inLanguage\":\"de\",\"potentialAction\":[{\"@type\":\"ReadAction\",\"target\":[\"https:\/\/stulu.ch\/index.php\/studentinnen-museum\/\"]}]},{\"@type\":\"ImageObject\",\"inLanguage\":\"de\",\"@id\":\"https:\/\/stulu.ch\/index.php\/studentinnen-museum\/#primaryimage\",\"url\":\"https:\/\/stulu.ch\/wp-content\/uploads\/2024\/10\/Studentenmuseum-Uebersicht-676x226-ohne-Text.jpg\",\"contentUrl\":\"https:\/\/stulu.ch\/wp-content\/uploads\/2024\/10\/Studentenmuseum-Uebersicht-676x226-ohne-Text.jpg\",\"width\":676,\"height\":226,\"caption\":\"\u201eSchau-Depot\u201c des SVSt\"},{\"@type\":\"BreadcrumbList\",\"@id\":\"https:\/\/stulu.ch\/index.php\/studentinnen-museum\/#breadcrumb\",\"itemListElement\":[{\"@type\":\"ListItem\",\"position\":1,\"name\":\"Startseite\",\"item\":\"https:\/\/stulu.ch\/\"},{\"@type\":\"ListItem\",\"position\":2,\"name\":\"Couleurstudentisches Museum, Schweiz\"}]},{\"@type\":\"WebSite\",\"@id\":\"https:\/\/stulu.ch\/#website\",\"url\":\"https:\/\/stulu.ch\/\",\"name\":\"STULU\",\"description\":\"\",\"publisher\":{\"@id\":\"https:\/\/stulu.ch\/#organization\"},\"potentialAction\":[{\"@type\":\"SearchAction\",\"target\":{\"@type\":\"EntryPoint\",\"urlTemplate\":\"https:\/\/stulu.ch\/?s={search_term_string}\"},\"query-input\":{\"@type\":\"PropertyValueSpecification\",\"valueRequired\":true,\"valueName\":\"search_term_string\"}}],\"inLanguage\":\"de\"},{\"@type\":\"Organization\",\"@id\":\"https:\/\/stulu.ch\/#organization\",\"name\":\"Studentinnenstadt Luzern\",\"alternateName\":\"STULU\",\"url\":\"https:\/\/stulu.ch\/\",\"logo\":{\"@type\":\"ImageObject\",\"inLanguage\":\"de\",\"@id\":\"https:\/\/stulu.ch\/#\/schema\/logo\/image\/\",\"url\":\"https:\/\/stulu.ch\/wp-content\/uploads\/2024\/07\/cropped-Logo-STULU-transparent.png\",\"contentUrl\":\"https:\/\/stulu.ch\/wp-content\/uploads\/2024\/07\/cropped-Logo-STULU-transparent.png\",\"width\":2215,\"height\":1514,\"caption\":\"Studentinnenstadt Luzern\"},\"image\":{\"@id\":\"https:\/\/stulu.ch\/#\/schema\/logo\/image\/\"}}]}<\/script>\n<!-- \/ Yoast SEO plugin. -->","yoast_head_json":{"title":"Couleurstudentisches Museum, Schweiz - STULU","description":"Das Studentinnen-Museum, ein Projekt des Vereins Studentinnenstadt Luzern, bietet Einblicke in die Geschichte, Kultur und das Leben von Studentinnen in der Schweiz. Erfahren Sie mehr \u00fcber die Entwicklung und Bedeutung studentischer Gemeinschaften","robots":{"index":"index","follow":"follow","max-snippet":"max-snippet:-1","max-image-preview":"max-image-preview:large","max-video-preview":"max-video-preview:-1"},"canonical":"https:\/\/stulu.ch\/index.php\/studentinnen-museum\/","og_locale":"de_DE","og_type":"article","og_title":"Couleurstudentisches Museum, Schweiz - STULU","og_description":"Das Studentinnen-Museum, ein Projekt des Vereins Studentinnenstadt Luzern, bietet Einblicke in die Geschichte, Kultur und das Leben von Studentinnen in der Schweiz. Erfahren Sie mehr \u00fcber die Entwicklung und Bedeutung studentischer Gemeinschaften","og_url":"https:\/\/stulu.ch\/index.php\/studentinnen-museum\/","og_site_name":"STULU","article_modified_time":"2025-03-19T10:05:40+00:00","og_image":[{"width":676,"height":226,"url":"https:\/\/stulu.ch\/wp-content\/uploads\/2024\/10\/Studentenmuseum-Uebersicht-676x226-ohne-Text.jpg","type":"image\/jpeg"}],"twitter_card":"summary_large_image","twitter_misc":{"Gesch\u00e4tzte Lesezeit":"3\u00a0Minuten"},"schema":{"@context":"https:\/\/schema.org","@graph":[{"@type":"WebPage","@id":"https:\/\/stulu.ch\/index.php\/studentinnen-museum\/","url":"https:\/\/stulu.ch\/index.php\/studentinnen-museum\/","name":"Couleurstudentisches Museum, Schweiz - STULU","isPartOf":{"@id":"https:\/\/stulu.ch\/#website"},"primaryImageOfPage":{"@id":"https:\/\/stulu.ch\/index.php\/studentinnen-museum\/#primaryimage"},"image":{"@id":"https:\/\/stulu.ch\/index.php\/studentinnen-museum\/#primaryimage"},"thumbnailUrl":"https:\/\/stulu.ch\/wp-content\/uploads\/2024\/10\/Studentenmuseum-Uebersicht-676x226-ohne-Text.jpg","datePublished":"2024-09-24T10:51:21+00:00","dateModified":"2025-03-19T10:05:40+00:00","description":"Das Studentinnen-Museum, ein Projekt des Vereins Studentinnenstadt Luzern, bietet Einblicke in die Geschichte, Kultur und das Leben von Studentinnen in der Schweiz. Erfahren Sie mehr \u00fcber die Entwicklung und Bedeutung studentischer Gemeinschaften","breadcrumb":{"@id":"https:\/\/stulu.ch\/index.php\/studentinnen-museum\/#breadcrumb"},"inLanguage":"de","potentialAction":[{"@type":"ReadAction","target":["https:\/\/stulu.ch\/index.php\/studentinnen-museum\/"]}]},{"@type":"ImageObject","inLanguage":"de","@id":"https:\/\/stulu.ch\/index.php\/studentinnen-museum\/#primaryimage","url":"https:\/\/stulu.ch\/wp-content\/uploads\/2024\/10\/Studentenmuseum-Uebersicht-676x226-ohne-Text.jpg","contentUrl":"https:\/\/stulu.ch\/wp-content\/uploads\/2024\/10\/Studentenmuseum-Uebersicht-676x226-ohne-Text.jpg","width":676,"height":226,"caption":"\u201eSchau-Depot\u201c des SVSt"},{"@type":"BreadcrumbList","@id":"https:\/\/stulu.ch\/index.php\/studentinnen-museum\/#breadcrumb","itemListElement":[{"@type":"ListItem","position":1,"name":"Startseite","item":"https:\/\/stulu.ch\/"},{"@type":"ListItem","position":2,"name":"Couleurstudentisches Museum, Schweiz"}]},{"@type":"WebSite","@id":"https:\/\/stulu.ch\/#website","url":"https:\/\/stulu.ch\/","name":"STULU","description":"","publisher":{"@id":"https:\/\/stulu.ch\/#organization"},"potentialAction":[{"@type":"SearchAction","target":{"@type":"EntryPoint","urlTemplate":"https:\/\/stulu.ch\/?s={search_term_string}"},"query-input":{"@type":"PropertyValueSpecification","valueRequired":true,"valueName":"search_term_string"}}],"inLanguage":"de"},{"@type":"Organization","@id":"https:\/\/stulu.ch\/#organization","name":"Studentinnenstadt Luzern","alternateName":"STULU","url":"https:\/\/stulu.ch\/","logo":{"@type":"ImageObject","inLanguage":"de","@id":"https:\/\/stulu.ch\/#\/schema\/logo\/image\/","url":"https:\/\/stulu.ch\/wp-content\/uploads\/2024\/07\/cropped-Logo-STULU-transparent.png","contentUrl":"https:\/\/stulu.ch\/wp-content\/uploads\/2024\/07\/cropped-Logo-STULU-transparent.png","width":2215,"height":1514,"caption":"Studentinnenstadt Luzern"},"image":{"@id":"https:\/\/stulu.ch\/#\/schema\/logo\/image\/"}}]}},"ticketed":false,"_links":{"self":[{"href":"https:\/\/stulu.ch\/index.php\/wp-json\/wp\/v2\/pages\/342","targetHints":{"allow":["GET"]}}],"collection":[{"href":"https:\/\/stulu.ch\/index.php\/wp-json\/wp\/v2\/pages"}],"about":[{"href":"https:\/\/stulu.ch\/index.php\/wp-json\/wp\/v2\/types\/page"}],"author":[{"embeddable":true,"href":"https:\/\/stulu.ch\/index.php\/wp-json\/wp\/v2\/users\/1"}],"replies":[{"embeddable":true,"href":"https:\/\/stulu.ch\/index.php\/wp-json\/wp\/v2\/comments?post=342"}],"version-history":[{"count":16,"href":"https:\/\/stulu.ch\/index.php\/wp-json\/wp\/v2\/pages\/342\/revisions"}],"predecessor-version":[{"id":580,"href":"https:\/\/stulu.ch\/index.php\/wp-json\/wp\/v2\/pages\/342\/revisions\/580"}],"wp:featuredmedia":[{"embeddable":true,"href":"https:\/\/stulu.ch\/index.php\/wp-json\/wp\/v2\/media\/407"}],"wp:attachment":[{"href":"https:\/\/stulu.ch\/index.php\/wp-json\/wp\/v2\/media?parent=342"}],"curies":[{"name":"wp","href":"https:\/\/api.w.org\/{rel}","templated":true}]}}