{"id":113,"date":"2024-08-18T15:24:14","date_gmt":"2024-08-18T15:24:14","guid":{"rendered":"https:\/\/stulu.ch\/?page_id=113"},"modified":"2024-10-21T12:34:21","modified_gmt":"2024-10-21T12:34:21","slug":"bachelor-alphabetisch","status":"publish","type":"page","link":"https:\/\/stulu.ch\/index.php\/bachelor-alphabetisch\/","title":{"rendered":"Bachelor alphabetisch"},"content":{"rendered":"\n<p><a href=\"https:\/\/www.hslu.ch\/de-ch\/design-film-kunst\/studium\/bachelor\/animation\/\" target=\"_blank\" rel=\"noreferrer noopener\">Animation<\/a> HSLU<\/p>\n\n\n\n<p><a href=\"https:\/\/www.hslu.ch\/de-ch\/technik-architektur\/studium\/bachelor\/architektur\/\" target=\"_blank\" rel=\"noreferrer noopener\">Architektur<\/a> HSLU<\/p>\n\n\n\n<p><a href=\"https:\/\/www.hslu.ch\/de-ch\/informatik\/studium\/bachelor\/artificial-intelligence-and-machine-learning\/\" target=\"_blank\" rel=\"noreferrer noopener\">Artificial Intelligence &amp; Machine Learning<\/a> HSLU<\/p>\n\n\n\n<p><a href=\"https:\/\/www.hslu.ch\/de-ch\/technik-architektur\/studium\/bachelor\/bauingenieurwesen\/\" target=\"_blank\" rel=\"noreferrer noopener\">Bauingenieurwesen<\/a> HSLU<\/p>\n\n\n\n<p><a href=\"https:\/\/www.hslu.ch\/de-ch\/wirtschaft\/studium\/bachelor\/business-administration\/controlling-and-accounting\/\" target=\"_blank\" rel=\"noreferrer noopener\">Betriebs\u00f6konomie mit Major in Controlling &amp; Accounting<\/a> HSLU<\/p>\n\n\n\n<p><a href=\"https:\/\/www.hslu.ch\/de-ch\/wirtschaft\/studium\/bachelor\/business-administration\/value-network-management\/\" target=\"_blank\" rel=\"noreferrer noopener\">Betriebs\u00f6konomie mit Major in Corporate Development<\/a> HSLU<\/p>\n\n\n\n<p><a href=\"https:\/\/www.hslu.ch\/de-ch\/wirtschaft\/studium\/bachelor\/business-administration\/finance-and-banking\/\" target=\"_blank\" rel=\"noreferrer noopener\">Betriebs\u00f6konomie mit Major in Finance &amp; Banking<\/a> HSLU<\/p>\n\n\n\n<p><a href=\"https:\/\/www.hslu.ch\/de-ch\/wirtschaft\/studium\/bachelor\/bsc-in-hospitality-management\/\" target=\"_blank\" rel=\"noreferrer noopener\">Betriebs\u00f6konomie mit Major in Hospitality Management<\/a> SHL &amp; HSLU<\/p>\n\n\n\n<p><a href=\"https:\/\/www.hslu.ch\/de-ch\/wirtschaft\/studium\/bachelor\/business-administration\/human-resource-management\/\" target=\"_blank\" rel=\"noreferrer noopener\">Betriebs\u00f6konomie mit Major in Human Resource Management<\/a> HSLU<\/p>\n\n\n\n<p><a href=\"https:\/\/www.hslu.ch\/de-ch\/wirtschaft\/studium\/bachelor\/business-administration\/immobilien\/\" target=\"_blank\" rel=\"noreferrer noopener\">Betriebs\u00f6konomie mit Major in Immobilien<\/a> HSLU<\/p>\n\n\n\n<p><a href=\"https:\/\/www.hslu.ch\/de-ch\/wirtschaft\/studium\/bachelor\/business-administration\/kommunikation\/\" target=\"_blank\" rel=\"noreferrer noopener\">Betriebs\u00f6konomie mit Major in Kommunikationsmanagement<\/a> HSLU<\/p>\n\n\n\n<p><a href=\"https:\/\/www.hslu.ch\/de-ch\/wirtschaft\/studium\/bachelor\/business-administration\/management-and-law\/\" target=\"_blank\" rel=\"noreferrer noopener\">Betriebs\u00f6konomie mit Major in Management &amp; Law<\/a> HSLU<\/p>\n\n\n\n<p><a href=\"https:\/\/www.hslu.ch\/de-ch\/wirtschaft\/studium\/bachelor\/business-administration\/marketing\/\" target=\"_blank\" rel=\"noreferrer noopener\">Betriebs\u00f6konomie mit Major in Marketing<\/a> HSLU<\/p>\n\n\n\n<p><a href=\"https:\/\/www.hslu.ch\/de-ch\/wirtschaft\/studium\/bachelor\/business-administration\/public-and-nonprofit-management\/\" target=\"_blank\" rel=\"noreferrer noopener\">Betriebs\u00f6konomie mit Major in Public &amp; Nonprofit Management<\/a> HSLU<\/p>\n\n\n\n<p><a href=\"https:\/\/www.hslu.ch\/de-ch\/wirtschaft\/studium\/bachelor\/business-administration\/tourismus\/\" target=\"_blank\" rel=\"noreferrer noopener\">Betriebs\u00f6konomie mit Major in Tourismus<\/a> HSLU<\/p>\n\n\n\n<p><a href=\"https:\/\/www.hslu.ch\/de-ch\/wirtschaft\/studium\/bachelor\/business-psychology\/\" target=\"_blank\" rel=\"noreferrer noopener\">Business Psychology<\/a> HSLU<\/p>\n\n\n\n<p><a href=\"https:\/\/www.hslu.ch\/de-ch\/design-film-kunst\/studium\/bachelor\/camera-arts\/\" target=\"_blank\" rel=\"noreferrer noopener\">Camera Arts<\/a> HSLU<\/p>\n\n\n\n<p><a href=\"https:\/\/www.hslu.ch\/de-ch\/wirtschaft\/studium\/bachelor\/business-administration\/controlling-and-accounting\/\" target=\"_blank\" rel=\"noreferrer noopener\">Controlling &amp; Accounting<\/a> HSLU<\/p>\n\n\n\n<p><a href=\"https:\/\/www.hslu.ch\/de-ch\/design-film-kunst\/studium\/bachelor\/data-design-and-art\/\" target=\"_blank\" rel=\"noreferrer noopener\">Data Design\u200a &amp; Art<\/a> HSLU<\/p>\n\n\n\n<p><a href=\"https:\/\/www.hslu.ch\/de-ch\/design-film-kunst\/studium\/bachelor\/design-management-international\/\" target=\"_blank\" rel=\"noreferrer noopener\">Design Management International<\/a> HSLU<\/p>\n\n\n\n<p><a href=\"https:\/\/www.hslu.ch\/de-ch\/technik-architektur\/studium\/bachelor\/digital-construction\/\" target=\"_blank\" rel=\"noreferrer noopener\">Digital Construction<\/a> HSLU<\/p>\n\n\n\n<p><a href=\"https:\/\/www.hslu.ch\/de-ch\/technik-architektur\/studium\/bachelor\/digital-engineering\/\" target=\"_blank\" rel=\"noreferrer noopener\">Digital Engineer&nbsp;Robotik &amp; Big Data<\/a> HSLU<\/p>\n\n\n\n<p><a href=\"https:\/\/www.hslu.ch\/de-ch\/informatik\/studium\/bachelor\/digital-ideation\/\" target=\"_blank\" rel=\"noreferrer noopener\">Digital Ideation<\/a> HSLU<\/p>\n\n\n\n<p><a href=\"https:\/\/www.hslu.ch\/de-ch\/wirtschaft\/studium\/bachelor\/economics-data-science-mobility\/\" target=\"_blank\" rel=\"noreferrer noopener\">Economics and Data Science in Mobility<\/a> HSLU<\/p>\n\n\n\n<p><a href=\"https:\/\/www.hslu.ch\/de-ch\/technik-architektur\/studium\/bachelor\/elektrotechnik-und-informationstechnologie\/\" target=\"_blank\" rel=\"noreferrer noopener\">Elektrotechnik und Informationstechnologie<\/a> HSLU <\/p>\n\n\n\n<p><a href=\"https:\/\/www.hslu.ch\/de-ch\/technik-architektur\/studium\/bachelor\/energy-environmental-systems-engineering\/\" target=\"_blank\" rel=\"noreferrer noopener\">Energie- und Umwelttechnik<\/a> HSLU<\/p>\n\n\n\n<p><a href=\"https:\/\/www.unilu.ch\/studium\/studienangebot\/bachelor\/kultur-und-sozialwissenschaftliche-fakultaet\/ethnologie\/\" target=\"_blank\" rel=\"noreferrer noopener\">Ethnologie<\/a> UNILU<\/p>\n\n\n\n<p><a href=\"https:\/\/www.hslu.ch\/de-ch\/wirtschaft\/studium\/bachelor\/business-administration\/finance-and-banking\/\" target=\"_blank\" rel=\"noreferrer noopener\">Finance &amp; Banking<\/a> HSLU<\/p>\n\n\n\n<p><a href=\"https:\/\/www.hslu.ch\/de-ch\/technik-architektur\/studium\/bachelor\/gebaeudetechnik-energie\/\" target=\"_blank\" rel=\"noreferrer noopener\">Geb\u00e4udetechnik \/ Energie<\/a> HSLU<\/p>\n\n\n\n<p><a href=\"https:\/\/www.unilu.ch\/studium\/studienangebot\/bachelor\/kultur-und-sozialwissenschaftliche-fakultaet\/geschichte\/\" target=\"_blank\" rel=\"noreferrer noopener\">Geschichte<\/a> UNILU<\/p>\n\n\n\n<p><a href=\"https:\/\/www.unilu.ch\/studium\/studienangebot\/bachelor\/kultur-und-sozialwissenschaftliche-fakultaet\/gesellschafts-und-kommunikationswissenschaften\/\" target=\"_blank\" rel=\"noreferrer noopener\">Gesellschafts- und Kommunikations\u00adwissenschaften<\/a> UNILU<\/p>\n\n\n\n<p><a href=\"https:\/\/www.unilu.ch\/studium\/studienangebot\/bachelor\/gmf\/gesundheitswissenschaften\/\" target=\"_blank\" rel=\"noreferrer noopener\">Gesundheits\u00adwissenschaften<\/a> UNILU<\/p>\n\n\n\n<p><a href=\"https:\/\/www.hslu.ch\/de-ch\/design-film-kunst\/studium\/bachelor\/graphic-design\/\" target=\"_blank\" rel=\"noreferrer noopener\">Graphic Design<\/a> HSLU<\/p>\n\n\n\n<p><a href=\"https:\/\/www.hslu.ch\/de-ch\/wirtschaft\/studium\/bachelor\/business-administration\/human-resource-management\/\" target=\"_blank\" rel=\"noreferrer noopener\">Human Resource Management<\/a> HSLU<\/p>\n\n\n\n<p><a href=\"https:\/\/www.hslu.ch\/de-ch\/design-film-kunst\/studium\/bachelor\/illustration\/\" target=\"_blank\" rel=\"noreferrer noopener\">Illustration Fiction &amp; Nonfiction<\/a> HSLU<\/p>\n\n\n\n<p><a href=\"https:\/\/www.hslu.ch\/de-ch\/informatik\/studium\/bachelor\/immersive-technologies\/#\/\" target=\"_blank\" rel=\"noreferrer noopener\">Immersive Technologies<\/a> HSLU<\/p>\n\n\n\n<p><a href=\"https:\/\/www.hslu.ch\/de-ch\/wirtschaft\/studium\/bachelor\/business-administration\/immobilien\/\" target=\"_blank\" rel=\"noreferrer noopener\">Immobilien<\/a> HSLU<\/p>\n\n\n\n<p><a href=\"https:\/\/www.hslu.ch\/de-ch\/informatik\/studium\/bachelor\/informatik\/\" target=\"_blank\" rel=\"noreferrer noopener\">Informatik<\/a> HSLU<\/p>\n\n\n\n<p><a href=\"https:\/\/www.hslu.ch\/de-ch\/informatik\/studium\/bachelor\/information-and-cyber-security\/\" target=\"_blank\" rel=\"noreferrer noopener\">Information &amp; Cyber Security<\/a> HSLU<\/p>\n\n\n\n<p><a href=\"https:\/\/www.hslu.ch\/de-ch\/technik-architektur\/studium\/bachelor\/innenarchitektur\/\" target=\"_blank\" rel=\"noreferrer noopener\">Innenarchitektur<\/a> HSLU<\/p>\n\n\n\n<p><a href=\"https:\/\/www.hslu.ch\/de-ch\/wirtschaft\/studium\/bachelor\/international-business-administration\/\" target=\"_blank\" rel=\"noreferrer noopener\">International Business Administration mit Major<\/a> HSLU<\/p>\n\n\n\n<p><a href=\"https:\/\/www.hslu.ch\/de-ch\/informatik\/studium\/bachelor\/international-it-management\/\" target=\"_blank\" rel=\"noreferrer noopener\">International IT Management<\/a> HSLU<\/p>\n\n\n\n<p><a href=\"https:\/\/www.hslu.ch\/de-ch\/wirtschaft\/studium\/bachelor\/international-sustainable-tourism\/\" target=\"_blank\" rel=\"noreferrer noopener\">International Sustainable Tourism<\/a> HSLU<\/p>\n\n\n\n<p><a href=\"https:\/\/www.unilu.ch\/studium\/studienangebot\/bachelor\/kultur-und-sozialwissenschaftliche-fakultaet\/judaistik\/\" target=\"_blank\" rel=\"noreferrer noopener\">Judaistik<\/a> UNILU<\/p>\n\n\n\n<p><a href=\"https:\/\/www.phlu.ch\/studium\/studiengaenge\/kindergarten-unterstufe.html\" target=\"_blank\" rel=\"noreferrer noopener\">Kindergarten \/ Unterstufe<\/a> PHLU<\/p>\n\n\n\n<p><a href=\"https:\/\/www.hslu.ch\/de-ch\/wirtschaft\/studium\/bachelor\/business-administration\/kommunikation\/\" target=\"_blank\" rel=\"noreferrer noopener\">Kommunikationsmanagement<\/a> HSLU<\/p>\n\n\n\n<p><a href=\"https:\/\/www.unilu.ch\/studium\/studienangebot\/bachelor\/kultur-und-sozialwissenschaftliche-fakultaet\/kulturwissenschaften\/\" target=\"_blank\" rel=\"noreferrer noopener\">Kultur\u00adwissenschaften<\/a> UNILU<\/p>\n\n\n\n<p><a href=\"https:\/\/www.hslu.ch\/de-ch\/design-film-kunst\/studium\/bachelor\/kunst-vermittlung\/\" target=\"_blank\" rel=\"noreferrer noopener\">Kunst &amp; Vermittlung<\/a> HSLU<\/p>\n\n\n\n<p><a href=\"https:\/\/www.hslu.ch\/de-ch\/wirtschaft\/studium\/bachelor\/business-administration\/management-and-law\/\" target=\"_blank\" rel=\"noreferrer noopener\">Management &amp; Law<\/a> HSLU<\/p>\n\n\n\n<p><a href=\"https:\/\/www.hslu.ch\/de-ch\/wirtschaft\/studium\/bachelor\/business-administration\/marketing\/\" target=\"_blank\" rel=\"noreferrer noopener\">Marketing<\/a> HSLU<\/p>\n\n\n\n<p><a href=\"https:\/\/www.hslu.ch\/de-ch\/technik-architektur\/studium\/bachelor\/maschinentechnik\/\" target=\"_blank\" rel=\"noreferrer noopener\">Maschinentechnik<\/a> HSLU<\/p>\n\n\n\n<p><a href=\"https:\/\/www.hslu.ch\/de-ch\/technik-architektur\/studium\/bachelor\/medizintechnik-life-sciences\/\" target=\"_blank\" rel=\"noreferrer noopener\">Medizintechnik \/ Life Sciences<\/a> HSLU<\/p>\n\n\n\n<p><a href=\"https:\/\/www.hslu.ch\/de-ch\/musik\/studium\/bachelor\/klassik\/#\/\" target=\"_blank\" rel=\"noreferrer noopener\">Musik \/ Profil Klassik<\/a> HSLU<\/p>\n\n\n\n<p><a href=\"https:\/\/www.hslu.ch\/de-ch\/musik\/studium\/bachelor\/jazz\/#\/\" target=\"_blank\" rel=\"noreferrer noopener\">Musik \/ Profil Jazz<\/a> HSLU<\/p>\n\n\n\n<p><a href=\"https:\/\/www.hslu.ch\/de-ch\/musik\/studium\/bachelor\/volksmusik\/#\/\" target=\"_blank\" rel=\"noreferrer noopener\">Musik \/ Profil Volksmusik<\/a> HSLU<\/p>\n\n\n\n<p><a href=\"https:\/\/www.hslu.ch\/de-ch\/design-film-kunst\/studium\/bachelor\/objektdesign\/\" target=\"_blank\" rel=\"noreferrer noopener\">Objekt Design<\/a> HSLU<\/p>\n\n\n\n<p><a href=\"https:\/\/www.hslu.ch\/de-ch\/soziale-arbeit\/studium\/bachelor-pflege\/pflege\/\" target=\"_blank\" rel=\"noreferrer noopener\">Pflege<\/a> HSLU<\/p>\n\n\n\n<p><a href=\"https:\/\/www.hslu.ch\/de-ch\/soziale-arbeit\/studium\/bachelor-pflege\/pflege-dipl\/\" target=\"_blank\" rel=\"noreferrer noopener\">Pflege&nbsp;f\u00fcr diplomierte Pflegefachpersonen<\/a> HSLU<\/p>\n\n\n\n<p><a href=\"https:\/\/www.unilu.ch\/studium\/studienangebot\/bachelor\/kultur-und-sozialwissenschaftliche-fakultaet\/philosophie\/#tab=c166861\" target=\"_blank\" rel=\"noreferrer noopener\">Philosophie<\/a> UNILU<\/p>\n\n\n\n<p><a href=\"https:\/\/www.unilu.ch\/studium\/studienangebot\/bachelor\/kultur-und-sozialwissenschaftliche-fakultaet\/philosophy-politics-and-economics\/\" target=\"_blank\" rel=\"noreferrer noopener\">Philosophy, Politics and Economics<\/a> UNILU<\/p>\n\n\n\n<p><a href=\"https:\/\/www.unilu.ch\/studium\/studienangebot\/bachelor\/kultur-und-sozialwissenschaftliche-fakultaet\/politikwissenschaft\/#tab=c164729\" target=\"_blank\" rel=\"noreferrer noopener\">Politikwissenschaft<\/a> UNILU<\/p>\n\n\n\n<p><a href=\"https:\/\/www.unilu.ch\/studium\/studienangebot\/bachelor\/vpf\/psychologie\/\" target=\"_blank\" rel=\"noreferrer noopener\">Psychologie<\/a> UNILU<\/p>\n\n\n\n<p><a href=\"https:\/\/www.phlu.ch\/studium\/studiengaenge\/primarstufe.html\" target=\"_blank\" rel=\"noreferrer noopener\">Primarstufe<\/a> PHLU<\/p>\n\n\n\n<p><a href=\"https:\/\/www.unilu.ch\/studium\/studienangebot\/bachelor\/rechtswissenschaftliche-fakultaet\/bachelor-rechtswissenschaft\/\" target=\"_blank\" rel=\"noreferrer noopener\">Rechts\u00adwissenschaft<\/a> UNILU<\/p>\n\n\n\n<p><a href=\"https:\/\/www.unilu.ch\/studium\/studienangebot\/bachelor\/theologische-fakultaet\/religionspaedagogik\/\" target=\"_blank\" rel=\"noreferrer noopener\">Religionsp\u00e4dagogik<\/a> UNILU<\/p>\n\n\n\n<p><a href=\"https:\/\/www.unilu.ch\/studium\/studienangebot\/bachelor\/kultur-und-sozialwissenschaftliche-fakultaet\/religionswissenschaft\/#tab=c136862\" target=\"_blank\" rel=\"noreferrer noopener\">Religions\u00adwissenschaft<\/a> UNILU<\/p>\n\n\n\n<p><a href=\"https:\/\/www.phlu.ch\/studium\/studiengaenge\/sekundarstufe-1.html\" target=\"_blank\" rel=\"noreferrer noopener\">Sekundarstufe I<\/a> PHLU<\/p>\n\n\n\n<p><a href=\"https:\/\/www.hslu.ch\/de-ch\/soziale-arbeit\/studium\/bachelor\/soziale-arbeit\/studienrichtungen\/sozialarbeit\/\" target=\"_blank\" rel=\"noreferrer noopener\">Sozialarbeit<\/a> HSLU<\/p>\n\n\n\n<p><a href=\"https:\/\/www.hslu.ch\/de-ch\/soziale-arbeit\/studium\/bachelor\/soziale-arbeit-neue-konzepte-und-innovation\/\" target=\"_blank\" rel=\"noreferrer noopener\">Soziale Arbeit neue Konzepte und Innovation<\/a> HSLU<\/p>\n\n\n\n<p><a href=\"https:\/\/www.hslu.ch\/de-ch\/soziale-arbeit\/studium\/bachelor\/soziale-arbeit\/studienrichtungen\/sozialpaedagogik\/\" target=\"_blank\" rel=\"noreferrer noopener\">Sozialp\u00e4dagogik<\/a> HSLU<\/p>\n\n\n\n<p><a href=\"https:\/\/www.hslu.ch\/de-ch\/soziale-arbeit\/studium\/bachelor\/soziale-arbeit\/studienrichtungen\/soziokultur\/\" target=\"_blank\" rel=\"noreferrer noopener\">Soziokultur<\/a> HSLU<\/p>\n\n\n\n<p><a href=\"https:\/\/www.unilu.ch\/studium\/studienangebot\/bachelor\/kultur-und-sozialwissenschaftliche-fakultaet\/soziologie\/#tab=c173614\" target=\"_blank\" rel=\"noreferrer noopener\">Soziologie<\/a> UNILU<\/p>\n\n\n\n<p><a href=\"https:\/\/www.hslu.ch\/de-ch\/design-film-kunst\/studium\/bachelor\/spatial-design\/\" target=\"_blank\" rel=\"noreferrer noopener\">Spatial Design<\/a> HSLU<\/p>\n\n\n\n<p><a href=\"https:\/\/www.hslu.ch\/de-ch\/design-film-kunst\/studium\/bachelor\/textildesign\/\" target=\"_blank\" rel=\"noreferrer noopener\">Textil Design<\/a> HSLU<\/p>\n\n\n\n<p><a href=\"https:\/\/www.unilu.ch\/studium\/studienangebot\/bachelor\/theologische-fakultaet\/theologie-flex-studium\/\" target=\"_blank\" rel=\"noreferrer noopener\">Theologie Flex-Studium<\/a> UNILU<\/p>\n\n\n\n<p><a href=\"https:\/\/www.hslu.ch\/de-ch\/wirtschaft\/studium\/bachelor\/business-administration\/value-network-management\/\" target=\"_blank\" rel=\"noreferrer noopener\">Value Network Management<\/a> HSLU<\/p>\n\n\n\n<p><a href=\"https:\/\/www.hslu.ch\/de-ch\/design-film-kunst\/studium\/bachelor\/video\/\" target=\"_blank\" rel=\"noreferrer noopener\">Video<\/a> HSLU<\/p>\n\n\n\n<p><a href=\"https:\/\/www.hslu.ch\/de-ch\/technik-architektur\/studium\/bachelor\/wirtschaftsingenieur-innovation\/\" target=\"_blank\" rel=\"noreferrer noopener\">Wirtschaftsingenieurwesen \/ Innovation<\/a> HSLU<\/p>\n\n\n\n<p><a href=\"https:\/\/www.hslu.ch\/de-ch\/informatik\/studium\/bachelor\/wirtschaftsinformatik\/\" target=\"_blank\" rel=\"noreferrer noopener\">Wirtschaftsinformatik<\/a> HSLU<\/p>\n\n\n\n<p><a href=\"https:\/\/www.unilu.ch\/studium\/studienangebot\/bachelor\/wirtschaftswissenschaftliche-fakultaet\/wirtschaftswissenschaften\/#tab=c146194\" target=\"_blank\" rel=\"noreferrer noopener\">Wirtschafts\u00ad\u00ad\u00adwissenschaften<\/a> UNILU<\/p>\n\n\n\n<p><a href=\"https:\/\/www.hslu.ch\/de-ch\/wirtschaft\/studium\/bachelor\/business-administration\/\" target=\"_blank\" rel=\"noreferrer noopener\">Wirtschaft \/ Bachelor of Science<\/a> HSLU<\/p>\n\n\n\n<p><a href=\"https:\/\/www.hslu.ch\/de-ch\/wirtschaft\/studium\/bachelor\/international-business-administration\/\" target=\"_blank\" rel=\"noreferrer noopener\">Wirtschaft \/ Bachelor of Science in International Business Administration<\/a> HSLU<\/p>\n\n\n\n<p><a href=\"https:\/\/www.hslu.ch\/de-ch\/wirtschaft\/studium\/bachelor\/business-psychology\/\" target=\"_blank\" rel=\"noreferrer noopener\">Wirtschaft \/ Bachelor of Science in Business Psychology<\/a> HSLU<\/p>\n\n\n\n<p><a href=\"https:\/\/www.hslu.ch\/de-ch\/wirtschaft\/studium\/bachelor\/mobility\/\" target=\"_blank\" rel=\"noreferrer noopener\">Wirtschaft \/ Bachelor of Science in Mobility, Data Science and Economics<\/a> HSLU<\/p>\n\n\n\n<p><a href=\"https:\/\/www.hslu.ch\/de-ch\/wirtschaft\/studium\/bachelor\/bsc-in-hospitality-management\/\" target=\"_blank\" rel=\"noreferrer noopener\">Wirtschaft \/ Bachelor of Science in Hospitality Management<\/a> HSLU<\/p>\n\n\n\n<p><a href=\"https:\/\/www.hslu.ch\/de-ch\/wirtschaft\/studium\/bachelor\/international-sustainable-tourism\/\" target=\"_blank\" rel=\"noreferrer noopener\">Wirtschaft \/ Bachelor of Science in International Sustainable Tourism<\/a> HSLU<\/p>\n\n\n\n<p><\/p>\n","protected":false},"excerpt":{"rendered":"<p>Animation HSLU Architektur HSLU Artificial Intelligence &amp; Machine Learning HSLU Bauingenieurwesen HSLU Betriebs\u00f6konomie mit Major in Controlling &amp; Accounting HSLU Betriebs\u00f6konomie mit Major in Corporate Development HSLU Betriebs\u00f6konomie mit Major in Finance &amp; Banking HSLU Betriebs\u00f6konomie mit Major in Hospitality Management SHL &amp; HSLU Betriebs\u00f6konomie mit Major in Human Resource Management HSLU Betriebs\u00f6konomie mit Major&hellip;<\/p>\n","protected":false},"author":1,"featured_media":0,"parent":0,"menu_order":0,"comment_status":"closed","ping_status":"closed","template":"","meta":{"_price":"","_stock":"","_tribe_ticket_header":"","_tribe_default_ticket_provider":"","_tribe_ticket_capacity":"0","_ticket_start_date":"","_ticket_end_date":"","_tribe_ticket_show_description":"","_tribe_ticket_show_not_going":false,"_tribe_ticket_use_global_stock":"","_tribe_ticket_global_stock_level":"","_global_stock_mode":"","_global_stock_cap":"","_tribe_rsvp_for_event":"","_tribe_ticket_going_count":"","_tribe_ticket_not_going_count":"","_tribe_tickets_list":"[]","_tribe_ticket_has_attendee_info_fields":false,"footnotes":"","_tec_slr_enabled":"","_tec_slr_layout":""},"class_list":["post-113","page","type-page","status-publish","hentry"],"yoast_head":"<!-- This site is optimized with the Yoast SEO plugin v24.7 - https:\/\/yoast.com\/wordpress\/plugins\/seo\/ -->\n<title>Bachelor alphabetisch - STULU<\/title>\n<meta name=\"robots\" content=\"index, follow, max-snippet:-1, max-image-preview:large, max-video-preview:-1\" \/>\n<link rel=\"canonical\" href=\"https:\/\/stulu.ch\/index.php\/bachelor-alphabetisch\/\" \/>\n<meta property=\"og:locale\" content=\"de_DE\" \/>\n<meta property=\"og:type\" content=\"article\" \/>\n<meta property=\"og:title\" content=\"Bachelor alphabetisch - STULU\" \/>\n<meta property=\"og:description\" content=\"Animation HSLU Architektur HSLU Artificial Intelligence &amp; Machine Learning HSLU Bauingenieurwesen HSLU Betriebs\u00f6konomie mit Major in Controlling &amp; Accounting HSLU Betriebs\u00f6konomie mit Major in Corporate Development HSLU Betriebs\u00f6konomie mit Major in Finance &amp; Banking HSLU Betriebs\u00f6konomie mit Major in Hospitality Management SHL &amp; HSLU Betriebs\u00f6konomie mit Major in Human Resource Management HSLU Betriebs\u00f6konomie mit Major&hellip;\" \/>\n<meta property=\"og:url\" content=\"https:\/\/stulu.ch\/index.php\/bachelor-alphabetisch\/\" \/>\n<meta property=\"og:site_name\" content=\"STULU\" \/>\n<meta property=\"article:modified_time\" content=\"2024-10-21T12:34:21+00:00\" \/>\n<meta name=\"twitter:card\" content=\"summary_large_image\" \/>\n<meta name=\"twitter:label1\" content=\"Gesch\u00e4tzte Lesezeit\" \/>\n\t<meta name=\"twitter:data1\" content=\"2\u00a0Minuten\" \/>\n<script type=\"application\/ld+json\" class=\"yoast-schema-graph\">{\"@context\":\"https:\/\/schema.org\",\"@graph\":[{\"@type\":\"WebPage\",\"@id\":\"https:\/\/stulu.ch\/index.php\/bachelor-alphabetisch\/\",\"url\":\"https:\/\/stulu.ch\/index.php\/bachelor-alphabetisch\/\",\"name\":\"Bachelor alphabetisch - STULU\",\"isPartOf\":{\"@id\":\"https:\/\/stulu.ch\/#website\"},\"datePublished\":\"2024-08-18T15:24:14+00:00\",\"dateModified\":\"2024-10-21T12:34:21+00:00\",\"breadcrumb\":{\"@id\":\"https:\/\/stulu.ch\/index.php\/bachelor-alphabetisch\/#breadcrumb\"},\"inLanguage\":\"de\",\"potentialAction\":[{\"@type\":\"ReadAction\",\"target\":[\"https:\/\/stulu.ch\/index.php\/bachelor-alphabetisch\/\"]}]},{\"@type\":\"BreadcrumbList\",\"@id\":\"https:\/\/stulu.ch\/index.php\/bachelor-alphabetisch\/#breadcrumb\",\"itemListElement\":[{\"@type\":\"ListItem\",\"position\":1,\"name\":\"Startseite\",\"item\":\"https:\/\/stulu.ch\/\"},{\"@type\":\"ListItem\",\"position\":2,\"name\":\"Bachelor alphabetisch\"}]},{\"@type\":\"WebSite\",\"@id\":\"https:\/\/stulu.ch\/#website\",\"url\":\"https:\/\/stulu.ch\/\",\"name\":\"STULU\",\"description\":\"\",\"publisher\":{\"@id\":\"https:\/\/stulu.ch\/#organization\"},\"potentialAction\":[{\"@type\":\"SearchAction\",\"target\":{\"@type\":\"EntryPoint\",\"urlTemplate\":\"https:\/\/stulu.ch\/?s={search_term_string}\"},\"query-input\":{\"@type\":\"PropertyValueSpecification\",\"valueRequired\":true,\"valueName\":\"search_term_string\"}}],\"inLanguage\":\"de\"},{\"@type\":\"Organization\",\"@id\":\"https:\/\/stulu.ch\/#organization\",\"name\":\"Studentinnenstadt Luzern\",\"alternateName\":\"STULU\",\"url\":\"https:\/\/stulu.ch\/\",\"logo\":{\"@type\":\"ImageObject\",\"inLanguage\":\"de\",\"@id\":\"https:\/\/stulu.ch\/#\/schema\/logo\/image\/\",\"url\":\"https:\/\/stulu.ch\/wp-content\/uploads\/2024\/07\/cropped-Logo-STULU-transparent.png\",\"contentUrl\":\"https:\/\/stulu.ch\/wp-content\/uploads\/2024\/07\/cropped-Logo-STULU-transparent.png\",\"width\":2215,\"height\":1514,\"caption\":\"Studentinnenstadt Luzern\"},\"image\":{\"@id\":\"https:\/\/stulu.ch\/#\/schema\/logo\/image\/\"}}]}<\/script>\n<!-- \/ Yoast SEO plugin. -->","yoast_head_json":{"title":"Bachelor alphabetisch - STULU","robots":{"index":"index","follow":"follow","max-snippet":"max-snippet:-1","max-image-preview":"max-image-preview:large","max-video-preview":"max-video-preview:-1"},"canonical":"https:\/\/stulu.ch\/index.php\/bachelor-alphabetisch\/","og_locale":"de_DE","og_type":"article","og_title":"Bachelor alphabetisch - STULU","og_description":"Animation HSLU Architektur HSLU Artificial Intelligence &amp; Machine Learning HSLU Bauingenieurwesen HSLU Betriebs\u00f6konomie mit Major in Controlling &amp; Accounting HSLU Betriebs\u00f6konomie mit Major in Corporate Development HSLU Betriebs\u00f6konomie mit Major in Finance &amp; Banking HSLU Betriebs\u00f6konomie mit Major in Hospitality Management SHL &amp; HSLU Betriebs\u00f6konomie mit Major in Human Resource Management HSLU Betriebs\u00f6konomie mit Major&hellip;","og_url":"https:\/\/stulu.ch\/index.php\/bachelor-alphabetisch\/","og_site_name":"STULU","article_modified_time":"2024-10-21T12:34:21+00:00","twitter_card":"summary_large_image","twitter_misc":{"Gesch\u00e4tzte Lesezeit":"2\u00a0Minuten"},"schema":{"@context":"https:\/\/schema.org","@graph":[{"@type":"WebPage","@id":"https:\/\/stulu.ch\/index.php\/bachelor-alphabetisch\/","url":"https:\/\/stulu.ch\/index.php\/bachelor-alphabetisch\/","name":"Bachelor alphabetisch - STULU","isPartOf":{"@id":"https:\/\/stulu.ch\/#website"},"datePublished":"2024-08-18T15:24:14+00:00","dateModified":"2024-10-21T12:34:21+00:00","breadcrumb":{"@id":"https:\/\/stulu.ch\/index.php\/bachelor-alphabetisch\/#breadcrumb"},"inLanguage":"de","potentialAction":[{"@type":"ReadAction","target":["https:\/\/stulu.ch\/index.php\/bachelor-alphabetisch\/"]}]},{"@type":"BreadcrumbList","@id":"https:\/\/stulu.ch\/index.php\/bachelor-alphabetisch\/#breadcrumb","itemListElement":[{"@type":"ListItem","position":1,"name":"Startseite","item":"https:\/\/stulu.ch\/"},{"@type":"ListItem","position":2,"name":"Bachelor alphabetisch"}]},{"@type":"WebSite","@id":"https:\/\/stulu.ch\/#website","url":"https:\/\/stulu.ch\/","name":"STULU","description":"","publisher":{"@id":"https:\/\/stulu.ch\/#organization"},"potentialAction":[{"@type":"SearchAction","target":{"@type":"EntryPoint","urlTemplate":"https:\/\/stulu.ch\/?s={search_term_string}"},"query-input":{"@type":"PropertyValueSpecification","valueRequired":true,"valueName":"search_term_string"}}],"inLanguage":"de"},{"@type":"Organization","@id":"https:\/\/stulu.ch\/#organization","name":"Studentinnenstadt Luzern","alternateName":"STULU","url":"https:\/\/stulu.ch\/","logo":{"@type":"ImageObject","inLanguage":"de","@id":"https:\/\/stulu.ch\/#\/schema\/logo\/image\/","url":"https:\/\/stulu.ch\/wp-content\/uploads\/2024\/07\/cropped-Logo-STULU-transparent.png","contentUrl":"https:\/\/stulu.ch\/wp-content\/uploads\/2024\/07\/cropped-Logo-STULU-transparent.png","width":2215,"height":1514,"caption":"Studentinnenstadt Luzern"},"image":{"@id":"https:\/\/stulu.ch\/#\/schema\/logo\/image\/"}}]}},"ticketed":false,"_links":{"self":[{"href":"https:\/\/stulu.ch\/index.php\/wp-json\/wp\/v2\/pages\/113","targetHints":{"allow":["GET"]}}],"collection":[{"href":"https:\/\/stulu.ch\/index.php\/wp-json\/wp\/v2\/pages"}],"about":[{"href":"https:\/\/stulu.ch\/index.php\/wp-json\/wp\/v2\/types\/page"}],"author":[{"embeddable":true,"href":"https:\/\/stulu.ch\/index.php\/wp-json\/wp\/v2\/users\/1"}],"replies":[{"embeddable":true,"href":"https:\/\/stulu.ch\/index.php\/wp-json\/wp\/v2\/comments?post=113"}],"version-history":[{"count":10,"href":"https:\/\/stulu.ch\/index.php\/wp-json\/wp\/v2\/pages\/113\/revisions"}],"predecessor-version":[{"id":434,"href":"https:\/\/stulu.ch\/index.php\/wp-json\/wp\/v2\/pages\/113\/revisions\/434"}],"wp:attachment":[{"href":"https:\/\/stulu.ch\/index.php\/wp-json\/wp\/v2\/media?parent=113"}],"curies":[{"name":"wp","href":"https:\/\/api.w.org\/{rel}","templated":true}]}}